 30 - 47)?
40
What is the value of 52 - (-41 + 97 + 62)?
-66
Evaluate -10 - (-55 + (1 - (-5 - 2)) + 12 + -10).
35
What is the value of (-3 + 2 - 1) + (-52 - -95) + -62?
-21
-2 + 95 + (-97 - -103) + -4 + (5 - -2)
102
Calculate -4 + 12 + 5 - (60 - 54) - (35 + -2).
-26
Calculate (-1 - 1) + (-123 + 189 - ((-2 - -2) + 10)).
54
What is the value of -26 + -49 + -95 + 72?
-98
((7 - 15) + 9 + -69 - (15 + -7)) + 1
-75
Calculate (18 - -77) + -107 + (-12 - -2) + 4 + -1.
-19
Evaluate 16649 + -16632 - ((0 - (2 + 11)) + -2).
32
Calculate 6 + (-25 - 45) + 92.
28
Evaluate -15 - ((5 - (0 + 4)) + (41 - 38) - 111).
92
(18 + -18 + -9 - 11) + 19
-1
Calculate -8 + 1 + 5 - -30.
28
Evaluate -13 + 2 + -3 + -5 + (0 - -17) + -14.
-16
Evaluate 20 + 706 + -889 + (-2 - -23).
-142
Evaluate 83 + 1 + 7 + -10 + 11 + -6 + -13.
73
What is (-49 + 10 - -17) + 4?
-18
Evaluate -69 - (-1 + 5 - (258 - 262 - (4 + -1))).
-80
What is (-26 - ((28 - 21) + -6)) + (1 - 9)?
-35
Evaluate (-11 - -63) + (-4 - 0 - (-64 + 75)) - -5.
42
What is the value of 41 - ((-111 - 1 - -36) + 23)?
94
What is (199 - 131) + (-2 - 40)?
26
Evaluate 48 - (9 + -22 + 7 + -8) - 14.
48
Calculate 61 + (29 - (49 + -11)).
52
Evaluate (26 - 15) + -84 - (0 - 7 - -7).
-73
Calculate -37 + -60 + 50 - -58.
11
Calculate 13 - ((-17 - -63) + -29).
-4
What is 5 - 19 - (26 - 33 - ((4 - -5) + -6))?
-4
What is the value of 2 + -51 + 61 + -49 + -7?
-44
What is the value of (-105 - 0 - (-8 - (-19 + 11) - 6)) + 12?
-87
0 + 21 + (-36 - -34) - 14
5
What is the value of 4 - -11 - (737 + -690)?
-32
Evaluate (14 - 27) + 22 - ((-3 - (1 - -2)) + -47).
62
Calculate 28 + (-187 - -4 - -29) - -40.
-86
Calculate (9984 - 10015) + (-1 - -78).
46
What is (-3 - (1 - 4 - 9) - (471 + -457)) + -4?
-9
Evaluate -9 + 2 - ((-219 - -226) + (0 - 2)) - 11.
-23
(-2 - -28) + -41 + -5 + 9
-11
Evaluate (-6 + 17 + -9 - 1) + (11 - 5) + -26.
-19
What is 72 + 104 + -175 + (0 - 13)?
-12
42 + (2 - -1) + (-404 - -408) + -2 + -10
37
Evaluate -32 - (22 + (-5 - 39)) - (6 + -1).
-15
Calculate -33 + 18 + 0 + 5 + 26 - 134.
-118
What is -1 + -27 - (965 - 928)?
-65
Evaluate ((-9 - -29) + -18 - (-5 + 12 + -4)) + 98.
97
-134 + -1 + (2078 - 1937)
6
2 + 72 - (-2011 - -2011)
74
Evaluate -166 + -78 + 145 - (3 + 0 + 2 - -2).
-106
What is the value of (-173 - -171) + (1 - 4 - -47) + -1?
41
Calculate -99 - (-91 - (-81 + 157)).
68
-1 - (-9 + -1) - (356 + -265 + (1 - 14))
-69
(4 - (-11 + 41 + -7)) + 36
17
What is 114 + -137 + 75 + 86 + (-16 - 1) + 1?
122
What is 3 + (13 - 16) + 47 + 9 + -12?
44
Evaluate (-1 - -2) + -97 + 84 + -21 + 152.
119
What is 115 + -100 - (-37 + -40)?
92
What is the value of (-164 - -111) + 41 - (-12 - 0)?
0
-74 - -161 - (-10 - (19 + -57))
59
What is -8 - (15 - ((4 - (5 + 0)) + 4))?
-20
What is -127 + 4 + (-31 - -44) + 6?
-104
Calculate (-14 - (-23 + 9 + 0)) + (-16 + 8 - 7).
-15
Calculate 1 - (8 + (19 - 12) + -29).
15
(-15 - -58 - -1) + (-1 - 42)
1
What is the value of -8 + 2 - -1 - -15 - (-17 + 17)?
10
-11 + (11 + -14 - -65) + (-23 - -9)
37
What is -2 + -8 + (8 - 3) + -2 - 9?
-16
Evaluate -22 + 3 + (2 - 4) - -8 - (-110 + -1).
98
-28 + 10 + (17 + -2 - 4) + (3 - -1)
-3
Evaluate -18396 - -18386 - (119 + -1 - (-2 - -2) - -2).
-130
Calculate -1 + 4 + 13 - (134 + -96) - -7.
-15
(-2 - (-52 + -1)) + -2008 + 1986
29
Evaluate 18 + 18 + -16 - 70.
-50
What is the value of (-17 - (32 + -15 - 2)) + 1 + -5?
-36
Evaluate (2 - (-2 - -14)) + (-176 - -80) + 117.
11
(-214 - -257) + (-150 - -48)
-59
Calculate -88 - (-41 - 28 - -11).
-30
What is the value of (-12 - (-24 - -30) - 24) + -17?
-59
What is (4 - -1) + 13 + (20 - 41) - -28?
25
-2 - (1 - -7) - (4 + -4 - 35)
25
What is the value of 71 + 6 + (16 - 32) + 6 - (0 + 2)?
65
Calculate 38 - (145 + -95) - 63.
-75
-17 + 16 + -20 - -14 - -25
18
Calculate (-75 - -86 - -26) + -98.
-61
What is 69 - (23 + 43) - (2 - 77)?
78
44 + 36 + (-67 - -11)
24
What is the value of -67 + -107 + 125 + (147 - 1)?
97
Calculate -69 + 683 + -685 + (-2 - -25).
-48
-177 - (9 - 57 - 81)
-48
Evaluate 5 + (2 - 0) - (19 - (-29 + 38)) - -17.
14
-210 + (173 - (108 + -94))
-51
What is the value of -53 + (158 - 103) + (-1 - 22)?
-21
What is the value of 2 + 1 + (65 - 64) + -11?
-7
Calculate 82 + (-15 - 6) - 3 - (0 - -4) - -7.
61
Evaluate (-1363 - -1351) + (1 - 1) + (-6 - -121).
103
Calculate (4 - 21 - -7 - -67) + -18.
39
What is 5 + (21 - (-20 - -52) - ((3 - -4) + -13))?
0
Evaluate -14 + 4 - -5 - ((-28 - -17) + 57).
-51
What is the value of -478 + 491 + (0 - 32)?
-19
Evaluate (-10 - (23 - 22)) + (51 - -9) + (-4 - 0).
45
Evaluate 6 + (6 - 1 - (23 + -8) - -11).
7
Evaluate -12 + (-18 - -22) + -2 + 1 - (-68 - -21).
38
What is the value of -31935 + 31969 + (-121 - 0)?
-87
-17 - (14 + 3 + -32) - -27
25
Calculate 27 - (-70 - -36) - 117.
-56
Evaluate -52 + 165 + -67 + -80.
-34
What is the value of -1 + -76 + -69 + 97 - 15?
-64
Calculate -1 - (-27 - (-7 + 8 + 18)).
45
-3 + -89 + 3242 + -3088
62
What is 7 + (2 + (7 - 1) - (-57 - (-9 - -20)))?
83
Evaluate (7 - (16 - 0)) + -4 + (37 - (-17 + -71)).
112
Calculate 7 + (-24 - (45 - 20) - (4 - 0) - -2).
-44
Evaluate (-1 + 7 - 41) + 90 + -96 - -3.
-38
What is the value of (223 - (-150 - -281)) + (2 - 0 - -2)?
96
What is the value of 41 + (15 + -6 - -18) + -18?
50
Evaluate -17 - (-48 - 15 - -47).
-1
Calculate (-10 - (-19 + 21 - (3 - 4)) - -2) + -6.
-17
What is 60 + (-42 - (-63 - -57))?
24
What is -167 + -74 + 207 + 2 + -76?
-108
What is the value of 9 + 6 + -15 - 21 - -51?
30
105 - (57 + -47 + -9 + -24)
128
Evaluate (0 + 29 - -21) + -47.
3
Calculate 8 + -8 - 2 - 32 - (-9 + 15 + -15).
-25
What is (5 - -3) + -3 + -12 - 2 - (-4 - 78)?
73
What is -28 - (-31 - -39 - (-2 - 5))?
-43
45 + 21 - ((-2 - (6 + -13)) + -2 - 12)
75
Calculate -57 + 81 + -37 + -18.
-31
What is the value of (63 - 39) + 21 + -53?
-8
Calculate (988 - 916) + 6 + -1 + 0.
77
What is the value of (-279 - -141) + 105 - 75?
-108
What is the value of -3 + -2 + 2 - (276 + -240) - 3?
-42
-34 + (21 - (-40 - -57))
-30
What is -7 + 4 + 7 + 43 - (17 - (39 + -9))?
60
-67 - -66 - (2 - (9 + 1))
7
What is 2953 - 2959 - (-52 - ((-3 - -5) + -1) - -2)?
45
What is the value of 5 + -4 + 4 + 6 + -7?
4
Evaluate 0 - ((-192 + 180 - (0 + -17)) + -26).
21
Calculate (-20 - -12 - (-27 - -8)) + (3 - 0).
14
What is 27 - 19 - -17 - ((0 - 4) + -1)?
30
-3 - (-11 - -5) - (141 + -13 + 26 + -44)
-107
What is the value of -22 + (0 - ((38 - 3) + -5)) + 13?
-39
(-3 - 6 - (188 + -188)) + -12
-21
(-39 - (-29 - -67)) + 37 + 63
23
(-39 + -85 - -112) + -75
-87
Calculate 5 + -46 - -25 - (-64 + -6 + 1).
53
Calculate -110 - ((0 - (0 - -2)) + 2334 + -2338).
-104
-1 + 35 - (21 - (469 - 469 - (-11 - 0)))
24
(-1 - -15) + 1 + 100 + -306 + 341 + -3
147
What is (1 - 7) + (59 - (9 + (21 - 3)))?
26
What is (-37 - -68) + -37 + (-8 + 5 - 5)?
-14
What is 0 - (55 + 4) - (185 - 165)?
-79
What is -42 - (-91 + 14) - 22?
13
Calculate -91 + 87 + (-8 - -16) - (0 + 21).
-17
Calculate 1 - 3 - 8 - (-7 + (27 - 38)).
8
What is (6 - 18 - 5) + -3 - (-27 - -23)?
-16
(-217 - -224) + -11 + 1 - (78 + 7)
-88
315 + -302 + (1 - 0) + (3 - 11)
6
92 + (-4 + 0 + 1 - (10 + -43 + 26))
96
What is the value of -32 - (-7 + 0 - (-54 + 25 + 18))?
-36
33 - (19 + -5 + 7 + -20)
32
Evaluate -6 + 3 - -2 - (10 - -24).
-35
Calculate 8 - (0 + -4) - (-1608 - -1683) - (1 - 8).
-56
Calculate 132 - (120 - 6 - 44).
62
-51 + (78 - 30) + -26
-29
Evaluate (46 + 3 - (13 - 12)) + (-5 + 13 - 4).
52
What is 45 - (4 - -50) - (0 - 51)?
42
What is the value of (-81 - 1) + (5 - 23) + 33?
-67
What is (-23 - 21 - 31) + -9 + (10 - 9)?
-83
-6 - ((-4 - (4 - 0 - 4)) + 347 + -282)
-67
Evaluate (-91 - -4) + (311 - 286).
-62
What is the value of 52 - (-30 + (22 - -21) + 1 + (-2 - 10))?
50
What is 56 + (2 - -5) - 37?
26
Evaluate 25 - (-45 + 18 + 38).
14
(-15 - (-4 - -4)) + 151 + -136 - (47 - -1)
-48
Calculate -16 - (-19 + -59 + 71).
-9
What is (-7 - -8) + 21 + -256 + 200?
-34
Evaluate -12 + 3 + (4 - 1) + 15.
9
Calculate 43 + (-39 - (-4 + -27 + 6)).
29
(19 + -4 - 27 - 21) + -36
-69
Calculate 2 - (35 - (3 - 2)) - (-85 + 93).
-40
Evaluate 5 + -6 + (50 - 52) + -28.
-31
-11 - (33 + -14) - -18 - 26
-38
What is the value of 33 - 17 - 31 - (-41 - 37)?
63
What is the value of -6 - ((14 - 12) + 10 + (1 - 3))?
-16
Evaluate 83 + -58 + 38 + -32.
31
(-12 - (8 - (0 - (-78 + 10)))) + (-2 - 7)
39
What is -8 + (39 - 